
Let o(d) = 2*d - 2. Let c(l) = -l**2 + 20. Let z be c(6). Let b be (-1 + 2)*1 + z. Let x(k) = k**3 + 16*k**2 + 15*k - 2. Let v be x(b). What is o(v)?
-6
Let y(t) = -2*t**2 - 7*t - 12. Suppose 68*s + 963 = 555. What is y(s)?
-42
Let f(m) = m + 2. Let l(z) = -3*z**2 - 38*z + 26. Let r(q) = -4*f(q) - l(q). Determine r(-12).
-10
Suppose 17 = -3*p - 2*p + 3*o, 0 = 5*p + 5*o + 25. Let j(l) = -5*l**2 - 3*l + 11. Let b(f) = 4*f**2 + 2*f - 10. Let y(q) = 6*b(q) + 5*j(q). Determine y(p).
-9
Let h be 1 - (132/12 + -16). Let l(f) = -f**2 - 5*f + 6. Give l(h).
-60
Let f(j) = 113 + 5*j - 7*j**2 + 118 - 227 + 2*j**2. Calculate f(-1).
-6
Let h(k) = -4*k - 18. Let t(q) = -3*q - 15. Let u = 176 + -170. Let y(b) = u*h(b) - 7*t(b). Give y(-7).
18
Let f be (-3)/(-20)*(-220)/(-396). Let q(w) be the second derivative of 0 - 1/6*w**3 + 0*w**2 - 26*w + f*w**4. Determine q(2).
2
Let k be (-7 - (-143)/22)/(2/(-480)). Let r = k + -117. Let s(x) = -x**2 + 2*x - 4. What is s(r)?
-7
Suppose 716*j + 84 = 720*j + 5*f, 5*j - 4*f - 105 = 0. Let y(p) be the second derivative of -13/6*p**3 - 1/2*p**2 + 7/6*p**4 + j*p + 0 - 1/20*p**5. Give y(13).
-1
Let x(j) = j**3 + 4*j**2 - 5*j + 7. Let o(t) = -t - 8. Suppose 0 = -5*l + 2*l - 9. Let b be o(l). Calculate x(b).
7
Let r(d) = 9*d**2 + 395*d - 811*d - d**3 + 76 - 27*d**2 + 403*d. Determine r(-17).
8
Let o(p) = -p + 11. Suppose 108 = 4*k - 736. Let n = -200 + k. Determine o(n).
0
Let a(d) = 21*d**2 - 223*d + 524. Let m be a(7). Let w(z) be the first derivative of z**2/2 + 6*z - 1. Calculate w(m).
-2
Let q(y) be the third derivative of -y**6/120 + 19*y**5/60 - 35*y**4/24 + 25*y**3/6 + y**2 - 8*y + 32. Give q(17).
8
Let c(v) be the first derivative of 3*v**2/2 - 23*v + 511. What is c(11)?
10
Let o(i) = i**2 + 58*i - 1104. Let d be o(15). Let h(k) = 87*k + 775. What is h(d)?
-8
Let m(i) = -5*i**2 - 3*i + 6. Let f = -169 - -173. What is m(f)?
-86
Let v(q) = 2*q**2 - 51*q - 67. Let k(p) = 3*p**2 - 76*p - 102. Let n(o) = 7*k(o) - 10*v(o). Determine n(24).
4
Suppose -4*f - 5*g - 50 = 0, 4*f + 48*g = 50*g - 8. Let w(x) = -6*x + 3*x**2 + 3*x**2 - 4 - 7*x**2. Calculate w(f).
1
Let a(s) = -2*s**3 - s - 1. Let c be a(-1). Let b(k) = 7*k - 1 + k**c - 1 + 1. Let r = 395620 - 395626. What is b(r)?
-7
Let p(q) = 89*q**3 - 4 - 44*q**3 - 44*q**3 - 3*q**2 - 7*q + 5. Give p(5).
16
Let f(m) = -19*m - 433. Suppose -1051*v = -873*v + 4094. Give f(v).
4
Let y(k) = -6439424*k + 11 + 6439428*k + 9. Give y(-8).
-12
Let l = -15389 + 15396. Let p(w) = -18*w + 13. What is p(l)?
-113
Suppose 21*r = 22*r - d + 1, -31 = -5*r - 4*d. Let k(b) be the second derivative of 1/3*b**r + 2*b + 2*b**2 + 0 - 1/12*b**4. Give k(-4).
-20
Let y(x) = 2*x**2 - 13 - 6 - 2*x + 22. Let j be y(1). Suppose 10*o = j*o + 28. Let l(k) = -k**2 + 7*k - 5. Calculate l(o).
7
Let o = 63 + -66. Let n(a) = 2*a**3 + 6*a**2 + 4*a + 6. Let m be n(o). Let i(w) = w + 3. Determine i(m).
-3
Suppose -3*c + 5*z + 139 = 0, 0 = -5*z + 4*z + 1. Suppose -8*n = -2*n - c. Suppose 4*i + 4*b = n, 3*b - 3 = -i + 3. Let t(a) = -a**2 + 12. Calculate t(i).
12
Let w(z) = -z**3 + 46*z**2 - 12*z - 1470. Let a be w(45). Let c(q) = -8*q + 88. Give c(a).
-32
Let c = -1265 - -2573. Let g(v) = 11 + 1299*v**2 - 2608*v**2 + c*v**2 - v. Give g(3).
-1
Let n(m) = -20*m + 12*m**2 + 1 + 168*m**3 + 7*m - 167*m**3. Let r be (2/(-1) + 3)*(-2 + -11). Give n(r).
1
Let k(g) be the second derivative of g**7/2520 + g**6/120 + g**5/120 - 14*g**4/3 + g**2/2 - 2*g + 1. Let s(o) be the third derivative of k(o). Determine s(-5).
-4
Let b(u) = u**2 - u - 5. Suppose -112 = s + 94. Let c = -202 - s. Calculate b(c).
7
Let m(f) = f**3 + 9*f**2 + 5*f - 6. Let z(h) be the third derivative of h**3/6 - 33*h**2. Let v(p) = m(p) - 4*z(p). Calculate v(-8).
14
Let p be ((-100)/30)/(2 + 16/(-6)). Let s(l) = -l**3 + 9*l**2 - l - 7. Let k be s(7). Suppose -k = 9*r + p*r. Let i(u) = u**2 + 9*u + 1. What is i(r)?
-17
Let a be 6/((-2701)/(-74) - 35). Let x(m) be the third derivative of -m**4/8 + 7*m**3/6 - m**2. Determine x(a).
-5
Let v(r) = -r + 1. Let p(h) = -h + 51. Let w(q) = q - 102. Let a(t) = -5*p(t) - 3*w(t). Let u be a(6). Suppose 60*z - u*z - 3 = 0. Calculate v(z).
2
Let r(b) = -28*b - 112. Let n be r(-20). Let p = 447 - n. Let k(h) = 0 + 4*h - 1 + 7*h. Give k(p).
-12
Let k(x) = x + 15. Let l = -57 - -62. Let p be 1/(-4) - (161/28 + l). What is k(p)?
4
Suppose -392 = 77*q - 84. Let t(y) = -y**3 - y**2 - 4*y. Determine t(q).
64
Let o(d) be the first derivative of 1/4*d**4 + 163 + 3*d**2 + 7/3*d**3 + 2*d. Let k = -2 + -4. Calculate o(k).
2
Let d(o) = 8*o**3 - 2*o - 1. Let n(t) = 17*t + 203. Let r be n(-12). Give d(r).
-7
Let l(v) be the first derivative of -10 - 1/4*v**4 - 8/3*v**3 - v - 1/2*v**2. Determine l(-8).
7
Let l(n) = n**3 - 8*n**2 + 12*n - 97. Suppose 251*m = 459*m - 1664. Give l(m).
-1
Let v(h) = h - 25. Let l be (17 - 5) + 5/5*-6. Calculate v(l).
-19
Let t(d) = d - d**2 - 104747 + 7*d + 6*d + 104727. Determine t(12).
4
Suppose 4*g - 86 = 5*u, -u - 15 = 5*g + 8. Let k(a) = a**2 + 15*a - 67. Determine k(u).
-13
Let a(w) = 25*w - 149. Let k(v) = -7*v + 39. Let b(s) = 3*a(s) + 11*k(s). Calculate b(-14).
10
Let w(o) = 1. Let q(n) = -10*n - 1. Let c(b) = q(b) + 2*w(b). Let j be -9*(-2)/18 + 18. Let r be (-77)/4 + j + (-18)/(-8). Give c(r).
-19
Suppose -29*m = 3*m + 384. Let j be (-78)/(-16) + m/(-96). Let q(a) = -a**2 + 5*a + 3. Give q(j).
3
Let s(y) be the second derivative of y**3/6 - 3*y**2 - 2*y + 244. Calculate s(12).
6
Let c(w) be the third derivative of -w**7/2520 + 7*w**6/720 + w**5/40 - 43*w**4/24 - w**3/3 + 78*w**2. Let i(d) be the second derivative of c(d). Give i(6).
9
Let t = 2384 + -2397. Let i(f) = -f - 14. Calculate i(t).
-1
Let w(s) = s - 1. Let k(u) = u**2 + 2*u - 5. Let v be k(0). Let z = 29 + v. Let b be 1*5*(-6)/z*-4. What is w(b)?
4
Let f(l) = l**3 + 6*l**2 + 3*l + 7. Let w(m) = 0*m + 2*m - 3 + 5 - 7*m + m. Let q be w(2). What is f(q)?
-11
Suppose 9*a - 11*a + 88 = 0. Let m = a + -40. Let g(p) = -p**3 + 9*p**2 + 3 - m*p**2 + 4*p - 2*p. Give g(5).
13
Let t(j) = -j**2 + 8*j + 77. Let y(r) = -18*r - 347. Let a be y(-19). Calculate t(a).
12
Let a(b) be the first derivative of -10*b**3/3 + 11*b**2 + 2*b + 3127. Calculate a(2).
6
Let i(o) = -o + 27. Let b be i(-5). Suppose 0 = -3*y + b - 41. Let u(l) be the first derivative of l**4/4 + l**3 + l**2/2 + 4*l - 2. Calculate u(y).
1
Let q(c) = 2*c**3 - 39*c**2 - 17*c - 46. Let u be q(20). Suppose u*g + 97 = 125. Let x(s) = 2*s**3 + 2*s**2 + 2*s - 2. What is x(g)?
26
Let l(q) = -24*q - 233. Let t be l(-10). Let u(a) = -a + 24. Calculate u(t).
17
Let t(k) be the second derivative of -k**5/20 - 5*k**4/6 - 2*k**3 + 13*k**2/2 - 5096*k. What is t(-8)?
-19
Let r(p) be the second derivative of -p**5/20 + p**4/12 - p**3/3 + p**2 + 39*p. Let a = -883 + 885. Give r(a).
-6
Let v(n) be the third derivative of n**4/4 - 7*n**3/6 - 160*n**2. What is v(-11)?
-73
Let c(d) = 10*d**2 + 57*d - 36. Let p(a) = -2*a**2 - 14*a + 9. Let k(s) = 2*c(s) + 9*p(s). Calculate k(4).
-7
Let s(w) = w**2 + 14*w - 16. Let i(p) = 3*p**2 + 33*p - 37. Let g(a) = -2*i(a) + 5*s(a). Let d = 17 + -8. Let r = -4 + d. Give g(r).
-11
Let g(h) = -h**3 - 6*h**2 - 8*h - 7. Let w(f) be the second derivative of 1/6*f**3 - 4*f**2 + 0 - 7*f. Let q be w(3). What is g(q)?
8
Let t(q) = 87 - 88 + 189*q - 190*q. Suppose -2*c - 6 + 16 = 0. Determine t(c).
-6
Let y(c) = 10*c**2 + 2*c - 14. Let t(p) = -30*p**2 - 8*p + 41. Let u(i) = 2*t(i) + 7*y(i). Calculate u(0).
-16
Let k be -1*(-16)/24 - 10/15. Let s be (2 - 0) + 0/(-2). Let b(i) = i**3 - 6*i + 2 + 3*i + s*i. Determine b(k).
2
Suppose 980*p - 989*p = 180. Let d(y) = 3*y + 63. Give d(p).
3
Suppose -12*f = -14*f + 22. Suppose 3*c = 4*b - f, -1 = 4*b - 2*c - 11. Let k(p) = 2*p - 2 - 2*p**2 - 2*p - 4*p**b - p**3 - p. Calculate k(-6).
4
Let k(v) = -7 - v**3 - 4*v**3 + 5*v**3 + 0*v**3 + v**3 + v**2 - v. Determine k(0).
-7
Let t(j) = j**2 - 22*j - 142. Suppose -16*r + 291 = -2*r - 87. Calculate t(r).
-7
Let o(h) = -368*h**3 - 226*h**3 - 220*h**3 + 815*h**3 + h. Let l = 16 + -11. Suppose 0 = l*s - 4 - 6. Determine o(s).
10
Let m(f) = -f**2 + f + 4. Let j(s) = -s**2 + 4*s + 8. Let r(n) = n - 11. Let p be r(16). Let o be j(p). Let i = 2 + o. Give m(i).
-16
Let o(r) = -r**2 + 4*r + 82. Let b be o(10). 